 a prime number?
True
Is 5006 composite?
True
Is 43294 a prime number?
False
Is 190889 prime?
True
Is 886253 a prime number?
False
Is 1712333 a composite number?
True
Is 237781 a prime number?
True
Is 9199 a prime number?
True
Is 268453 a prime number?
False
Is 278321 prime?
True
Is 410003 prime?
False
Is 879 a composite number?
True
Is 14143 prime?
True
Is 1128557 a prime number?
True
Is 119279 a prime number?
False
Is 821 prime?
True
Is 54393 composite?
True
Is 2657 a prime number?
True
Is 4741 prime?
False
Is 3453 a composite number?
True
Is 24121 prime?
True
Is 18407 a composite number?
True
Is 850601 prime?
False
Is 94729 prime?
False
Is 53689 composite?
True
Is 41485 a prime number?
False
Is 1708646 prime?
False
Is 64133 prime?
False
Is 3377 a composite number?
True
Is 1981 composite?
True
Is 31431 a prime number?
False
Is 54211 a prime number?
False
Is 259099 composite?
False
Is 383519 a composite number?
False
Is 27949 a prime number?
False
Is 366313 a prime number?
True
Is 2279 a composite number?
True
Is 70249 a prime number?
True
Is 2334323 prime?
False
Is 63277 a composite number?
False
Is 3505 a prime number?
False
Is 128461 a composite number?
False
Is 272399 composite?
False
Is 1601885 a composite number?
True
Is 290677 a composite number?
False
Is 9481 a composite number?
True
Is 25997 a composite number?
False
Is 100051 a prime number?
False
Is 485 prime?
False
Is 149689 a prime number?
True
Is 43427 composite?
False
Is 261461 composite?
True
Is 76357 a prime number?
False
Is 52201 a composite number?
False
Is 408049 composite?
False
Is 1217 composite?
False
Is 27067 a composite number?
False
Is 86131 prime?
True
Is 603401 composite?
False
Is 29423 a prime number?
True
Is 49559 a composite number?
False
Is 98503 a prime number?
False
Is 16349 prime?
True
Is 187061 a prime number?
False
Is 130415 a prime number?
False
Is 8351 a composite number?
True
Is 849841 a composite number?
True
Is 83653 a composite number?
False
Is 6541 composite?
True
Is 648586 a prime number?
False
Is 369407 prime?
True
Is 12323 a prime number?
True
Is 229997 a prime number?
False
Is 129299 composite?
True
Is 1277 composite?
False
Is 3466 prime?
False
Is 6041 prime?
False
Is 1277 a composite number?
False
Is 15017 prime?
True
Is 719 prime?
True
Is 6243 composite?
True
Is 39031 a composite number?
True
Is 3622 prime?
False
Is 334343 composite?
True
Is 182935 composite?
True
Is 253 a composite number?
True
Is 2909 a prime number?
True
Is 5381 prime?
True
Is 312751 a composite number?
True
Is 63179 a prime number?
True
Is 14503 a composite number?
False
Is 20473 composite?
True
Is 190303 composite?
True
Is 12391 composite?
False
Is 617889 prime?
False
Is 1113221 a composite number?
False
Is 2813209 a prime number?
False
Is 254755 composite?
True
Is 473687 prime?
False
Is 7753561 prime?
True
Is 918823 a prime number?
True
Is 16181 prime?
False
Is 6683 a prime number?
False
Is 12401 prime?
True
Is 25503 a prime number?
False
Is 3787 prime?
False
Is 66307 a composite number?
True
Is 51605 prime?
False
Is 190699 prime?
True
Is 13535 composite?
True
Is 539197 a composite number?
True
Is 956689 a prime number?
True
Is 11146 a prime number?
False
Is 97813 prime?
True
Is 3433 composite?
False
Is 2513 a prime number?
False
Is 279637 composite?
False
Is 420029 a composite number?
False
Is 9731 prime?
False
Is 213269 a prime number?
False
Is 8491 a composite number?
True
Is 6371 a prime number?
False
Is 11995 a prime number?
False
Is 826403 a composite number?
False
Is 1507 composite?
True
Is 11498 a composite number?
True
Is 17827 prime?
True
Is 1226523 prime?
False
Is 584747 a composite number?
True
Is 84023 composite?
True
Is 51859 prime?
True
Is 101417 prime?
False
Is 39965 composite?
True
Is 1399 a composite number?
False
Is 22399 prime?
False
Is 49233 a composite number?
True
Is 463447 a composite number?
False
Is 887 a composite number?
False
Is 104393 a composite number?
False
Is 4369 composite?
True
Is 395477 a prime number?
False
Is 526 prime?
False
Is 1637 prime?
True
Is 3989 prime?
True
Is 482219 a composite number?
True
Is 417647 prime?
False
Is 646063 prime?
False
Is 1584377 a prime number?
False
Is 154321 composite?
False
Is 1813165 a prime number?
False
Is 11981 prime?
True
Is 24143 prime?
False
Is 25133 a composite number?
True
Is 75929 a composite number?
True
Is 251387 prime?
True
Is 93523 a composite number?
False
Is 36131 prime?
True
Is 12449 composite?
True
Is 149095 a composite number?
True
Is 19207 composite?
False
Is 16183 a composite number?
False
Is 544151 prime?
False
Is 2939 prime?
True
Is 2683 prime?
True
Is 22013 a prime number?
True
Is 397649 composite?
True
Is 20011 composite?
False
Is 45413 a prime number?
True
Is 327163 a prime number?
True
Is 98633 prime?
False
Is 90931 composite?
False
Is 20095 a prime number?
False
Is 24239 a composite number?
False
Is 17693 prime?
False
Is 76421 prime?
True
Is 3455 a composite number?
True
Is 2447 a composite number?
False
Is 13147 a composite number?
False
Is 14143 composite?
False
Is 38261 a composite number?
False
Is 39499 composite?
False
Is 6709 a composite number?
False
Is 56554 a prime number?
False
Is 527729 a prime number?
True
Is 600389 a composite number?
True
Is 34667 a composite number?
False
Is 6469 composite?
False
Is 8257 composite?
True
Is 835097 a prime number?
True
Is 1032013 composite?
True
Is 1481143 a prime number?
True
Is 759163 composite?
True
Is 11879 prime?
False
Is 38987 a prime number?
False
Is 8191 prime?
True
Is 105943 a composite number?
False
Is 34199 a composite number?
True
Is 13751 a prime number?
True
Is 2333 composite?
False
Is 1171979 a composite number?
False
Is 2099 a prime number?
True
Is 2809 a prime number?
False
Is 80467 a prime number?
False
Is 47577 a prime number?
False
Is 421459 composite?
False
Is 32641 a composite number?
True
Is 15859 a prime number?
True
Is 296473 prime?
True
Is 339785 a prime number?
False
Is 2116663 composite?
False
Is 10805 composite?
True
Is 13427 a composite number?
True
Is 29501 composite?
False
Is 320743 prime?
False
Is 101393 composite?
True
Is 235003 composite?
False
Is 228809 a prime number?
False
Is 60811 composite?
False
Is 253049 prime?
True
Is 12055 a prime number?
False
Is 31481 a composite number?
False
Is 1069 a composite number?
False
Is 18407 a composite number?
True
Is 22411 composite?
True
Is 3935 a composite number?
True
Is 15559 a composite number?
False
Is 97693 composite?
True
Is 16843 a composite number?
False
Is 1319 a composite number?
False
Is 3611 composite?
True
Is 771073 composite?
False
Is 1993 composite?
False
Is 50707 prime?
True
Is 8026 prime?
False
Is 2501639 a prime number?
False
Is 42031 a prime number?
False
Is 767 prime?
False
Is 630607 composite?
False
Is 3607 composite?
False
Is 36059 composite?
True
Is 416201 composite?
False
Is 873907 composite?
True
Is 17779 composite?
True
Is 9587 a prime number?
True
Is 113233 prime?
True
Is 3407 composite?
False
Is 489187 prime?
False
Is 209213 prime?
True
Is 3073 a composite number?
True
Is 3652127 prime?
False
Is 8779 prime?
True
Is 9663 a prime number?
False
Is 79469 a composite number?
True
Is 901619 a composite number?
True
Is 50378 a prime number?
False
Is 10243 a prime number?
True
Is 338783 composite?
True
Is 4711 prime?
False
Is 1708571 composite?
False
Is 20981 prime?
True
Is 3989 composite?
False
Is 20173 a prime number?
True
Is 25423 a prime number?
True
Is 4633 a prime number?
False
Is 777422 a composite number?
True
Is 14453 composite?
True
Is 298499 composite?
True
Is 4831 a composite number?
False
Is 65167 a composite number?
False
Is 180847 prime?
True
Is 131981 prime?
False
Is 55559 prime?
False
Is 3504503 a composite number?
True
Is 22901 prime?
True
Is 71011 a composite number?
False
Is 118003 prime?
False
Is 5227 composite?
False
Is 10813 a prime number?
False
Is 141487 prime?
False
Is 2659 a composite number?
False
Is 45986 composite?
True
Is 399643 prime?
True
Is 232963 a composite number?
False
Is 155069 a prime number?
True
Is 57613 composite?
True
Is 11728387 a prime number?
False
Is 123787 prime?
True
Is 199214 prime?
False
Is 76649 a composite number?
False
Is 4177 composite?
False
Is 364951 composite?
True
Is 28